{"id":503,"date":"2020-03-24T11:21:36","date_gmt":"2020-03-24T11:21:36","guid":{"rendered":"https:\/\/www.fehstgroup.com\/wp-content\/uploads\/2020\/03\/Anexo-PR4.C-Condi\u00e7\u00f5es-gerais-de-Compras.pdf"},"modified":"2020-03-24T11:22:37","modified_gmt":"2020-03-24T11:22:37","slug":"anexo-pr4-c-condicoes-gerais-de-compras","status":"inherit","type":"attachment","link":"https:\/\/www.fehstgroup.com\/pt\/anexo-pr4-c-condicoes-gerais-de-compras\/","title":{"rendered":"Anexo PR4.C-Condi\u00e7\u00f5es gerais de Compras"},"author":2,"featured_media":0,"comment_status":"open","ping_status":"closed","template":"","meta":[],"class_list":["post-503","attachment","type-attachment","status-inherit","hentry"],"aioseo_notices":[],"description":{"rendered":"<p class=\"attachment\"><a data-rel=\"iLightbox[postimages]\" data-title=\"Anexo PR4.C-Condi\u00e7\u00f5es gerais de Compras\" data-caption=\"Condicoes gerais de compra\" href='https:\/\/www.fehstgroup.com\/wp-content\/uploads\/2020\/03\/Anexo-PR4.C-Condi\u00e7\u00f5es-gerais-de-Compras.pdf'>Anexo PR4.C-Condi\u00e7\u00f5es gerais de Compras<\/a><\/p>\n<p>Condicoes gerais de compra para fornecedores<\/p>\n"},"caption":{"rendered":"<p>Condicoes gerais de compra<\/p>\n"},"alt_text":"","media_type":"file","mime_type":"application\/pdf","media_details":{},"post":null,"source_url":"https:\/\/www.fehstgroup.com\/wp-content\/uploads\/2020\/03\/Anexo-PR4.C-Condi\u00e7\u00f5es-gerais-de-Compras.pdf","_links":{"self":[{"href":"https:\/\/www.fehstgroup.com\/pt\/wp-json\/wp\/v2\/media\/503","targetHints":{"allow":["GET"]}}],"collection":[{"href":"https:\/\/www.fehstgroup.com\/pt\/wp-json\/wp\/v2\/media"}],"about":[{"href":"https:\/\/www.fehstgroup.com\/pt\/wp-json\/wp\/v2\/types\/attachment"}],"author":[{"embeddable":true,"href":"https:\/\/www.fehstgroup.com\/pt\/wp-json\/wp\/v2\/users\/2"}],"replies":[{"embeddable":true,"href":"https:\/\/www.fehstgroup.com\/pt\/wp-json\/wp\/v2\/comments?post=503"}]}}

https://www.fehstgroup.com/wp-content/uploads/2020/03/Anexo-PR4.C-Condições-gerais-de-Compras.pdf

Anexo PR4.C-Condições gerais de Compras

<p class="attachment"><a data-rel="iLightbox[postimages]" data-title="Anexo PR4.C-Condições gerais de Compras" data-caption="Condicoes gerais de compra" href='https://www.fehstgroup.com/wp-content/uploads/2020/03/Anexo-PR4.C-Condições-gerais-de-Compras.pdf'>Anexo PR4.C-Condições gerais de Compras</a></p>
<p>Condicoes gerais de compra para fornecedores</p>
